 divided by 245.
223
Calculate the remainder when 7749 is divided by 353.
336
What is the remainder when 28424 is divided by 14206?
12
Calculate the remainder when 37982 is divided by 18971.
40
Calculate the remainder when 3726 is divided by 139.
112
Calculate the remainder when 11274 is divided by 11270.
4
Calculate the remainder when 585807 is divided by 328.
327
What is the remainder when 969094 is divided by 542?
540
What is the remainder when 5215 is divided by 45?
40
Calculate the remainder when 9299 is divided by 121.
103
Calculate the remainder when 69115 is divided by 117.
85
What is the remainder when 4685 is divided by 675?
635
Calculate the remainder when 26549 is divided by 50.
49
Calculate the remainder when 24958 is divided by 48.
46
What is the remainder when 9379 is divided by 448?
419
Calculate the remainder when 25433 is divided by 21.
2
What is the remainder when 31486 is divided by 7870?
6
Calculate the remainder when 29573 is divided by 298.
71
Calculate the remainder when 30361 is divided by 34.
33
What is the remainder when 549 is divided by 40?
29
Calculate the remainder when 3620 is divided by 29.
24
What is the remainder when 65351 is divided by 920?
31
What is the remainder when 719079 is divided by 91?
88
What is the remainder when 662 is divided by 86?
60
What is the remainder when 17942 is divided by 176?
166
Calculate the remainder when 499 is divided by 215.
69
What is the remainder when 82484 is divided by 391?
374
What is the remainder when 77236 is divided by 898?
8
Calculate the remainder when 170921 is divided by 370.
351
Calculate the remainder when 2809 is divided by 116.
25
What is the remainder when 288147 is divided by 574?
573
Calculate the remainder when 34853 is divided by 16.
5
Calculate the remainder when 401 is divided by 85.
61
What is the remainder when 1247 is divided by 447?
353
Calculate the remainder when 787572 is divided by 128.
116
What is the remainder when 18240 is divided by 89?
84
Calculate the remainder when 431299 is divided by 100.
99
What is the remainder when 98822 is divided by 141?
122
What is the remainder when 7646 is divided by 75?
71
What is the remainder when 234866 is divided by 554?
524
What is the remainder when 19469 is divided by 32?
13
What is the remainder when 57749 is divided by 77?
76
What is the remainder when 7173 is divided by 39?
36
Calculate the remainder when 6885 is divided by 1374.
15
What is the remainder when 67889 is divided by 146?
145
What is the remainder when 16281 is divided by 901?
63
What is the remainder when 18322 is divided by 79?
73
What is the remainder when 1062440 is divided by 116?
112
Calculate the remainder when 2228 is divided by 7.
2
Calculate the remainder when 83018 is divided by 137.
133
What is the remainder when 550 is divided by 4?
2
What is the remainder when 57144 is divided by 146?
58
Calculate the remainder when 6598 is divided by 35.
18
What is the remainder when 164158 is divided by 87?
76
What is the remainder when 91169 is divided by 226?
91
Calculate the remainder when 1049126 is divided by 1246.
1240
Calculate the remainder when 106683 is divided by 6667.
11
What is the remainder when 852649 is divided by 35?
14
What is the remainder when 512730 is divided by 946?
944
What is the remainder when 1656966 is divided by 381?
378
Calculate the remainder when 54743 is divided by 52.
39
What is the remainder when 2900 is divided by 1146?
608
Calculate the remainder when 547 is divided by 88.
19
Calculate the remainder when 1967 is divided by 23.
12
What is the remainder when 53 is divided by 2?
1
Calculate the remainder when 9422 is divided by 9420.
2
What is the remainder when 692 is divided by 187?
131
Calculate the remainder when 5270 is divided by 2577.
116
Calculate the remainder when 21028 is divided by 1741.
136
Calculate the remainder when 49736 is divided by 15.
11
Calculate the remainder when 693760 is divided by 185.
10
Calculate the remainder when 40532 is divided by 220.
52
Calculate the remainder when 589 is divided by 84.
1
What is the remainder when 925 is divided by 235?
220
What is the remainder when 1264 is divided by 252?
4
What is the remainder when 1077 is divided by 121?
109
What is the remainder when 20399 is divided by 10179?
41
What is the remainder when 2698716 is divided by 241?
239
Calculate the remainder when 3452 is divided by 838.
100
Calculate the remainder when 290108 is divided by 26372.
16
What is the remainder when 6523 is divided by 1110?
973
Calculate the remainder when 12173 is divided by 6057.
59
What is the remainder when 7630 is divided by 612?
286
What is the remainder when 8217 is divided by 746?
11
What is the remainder when 90352 is divided by 31?
18
What is the remainder when 1864 is divided by 897?
70
Calculate the remainder when 1211 is divided by 163.
70
Calculate the remainder when 56688 is divided by 2365.
2293
Calculate the remainder when 26267 is divided by 202.
7
What is the remainder when 3411 is divided by 380?
371
Calculate the remainder when 160710 is divided by 17.
9
What is the remainder when 9752 is divided by 46?
0
What is the remainder when 6608 is divided by 374?
250
What is the remainder when 30856 is divided by 749?
147
Calculate the remainder when 5928 is divided by 308.
76
What is the remainder when 167349 is divided by 10?
9
Calculate the remainder when 844 is divided by 362.
120
Calculate the remainder when 7021 is divided by 167.
7
Calculate the remainder when 4128794 is divided by 6.
2
What is the remainder when 319344 is divided by 137?
134
What is the remainder when 11545 is divided by 3356?
1477
What is the remainder when 1325 is divided by 147?
2
Calculate the remainder when 13670 is divided by 182.
20
Calculate the remainder when 23253 is divided by 328.
293
What is the remainder when 10979709 is divided by 108?
105
Calculate the remainder when 4329 is divided by 165.
39
What is the remainder when 318784 is divided by 791?
11
Calculate the remainder when 196396 is divided by 347.
341
What is the remainder when 31055 is divided by 493?
489
What is the remainder when 58893 is divided by 29446?
1
What is the remainder when 795492 is divided by 567?
558
What is the remainder when 712 is divided by 36?
28
Calculate the remainder when 176817 is divided by 842.
839
Calculate the remainder when 103006 is divided by 102969.
37
What is the remainder when 22246 is divided by 7414?
4
Calculate the remainder when 22632 is divided by 9.
6
What is the remainder when 5647 is divided by 2603?
441
Calculate the remainder when 38896 is divided by 3530.
66
What is the remainder when 1087 is divided by 279?
250
Calculate the remainder when 84358 is divided by 4439.
17
What is the remainder when 1317311 is divided by 24?
23
Calculate the remainder when 1812 is divided by 23.
18
What is the remainder when 840356 is divided by 373?
360
Calculate the remainder when 172944 is divided by 34583.
29
Calculate the remainder when 41412 is divided by 753.
750
Calculate the remainder when 743403 is divided by 9.
3
Calculate the remainder when 172 is divided by 62.
48
What is the remainder when 7283 is divided by 10?
3
What is the remainder when 599157 is divided by 43?
38
Calculate the remainder when 706299 is divided by 70.
69
What is the remainder when 351989 is divided by 7999?
33
What is the remainder when 36126 is divided by 38?
26
Calculate the remainder when 10785 is divided by 1348.
1
What is the remainder when 10661 is divided by 3551?
8
What is the remainder when 10281 is divided by 14?
5
Calculate the remainder when 241858 is divided by 42.
22
Calculate the remainder when 1200608 is divided by 20010.
8
What is the remainder when 10028 is divided by 439?
370
Calculate the remainder when 2500 is divided by 20.
0
Calculate the remainder when 21415 is divided by 38.
21
What is the remainder when 1135 is divided by 73?
40
What is the remainder when 1077 is divided by 70?
27
What is the remainder when 112345 is divided by 44?
13
Calculate the remainder when 29855 is divided by 48.
47
What is the remainder when 11724 is divided by 11715?
9
Calculate the remainder when 1093517 is divided by 20.
17
Calculate the remainder when 8156 is divided by 693.
533
What is the rema